110110100001001001?
110110100000110010
In base 6, what is -504 + -121414?
-122322
In base 8, what is -77 - -102325?
102226
In base 3, what is 11021 - -11111011202?
11111100000
In base 6, what is -4 - -1024105324?
1024105320
In base 11, what is 32 - -4a42105?
4a42137
In base 15, what is -5064711 - 4?
-5064715
In base 11, what is 354948 - -121?
354a69
In base 2, what is 11 - -101110010001011001111001?
101110010001011001111100
In base 5, what is 1 - -312301411?
312301412
In base 3, what is 111120122001 + -100121?
111120021110
In base 6, what is -5 + -2012411345?
-2012411354
In base 16, what is -e6 + -24d9c?
-24e82
In base 8, what is -42760203 + -13?
-42760216
In base 3, what is -12 - -211021021222?
211021021210
In base 3, what is -2111112011010212 + 12?
-2111112011010200
In base 4, what is -11323 + 10110102202?
10110030213
In base 8, what is -3470563 - -12?
-3470551
In base 6, what is 10504102 + -4?
10504054
In base 15, what is 958e9 - 56?
95893
In base 5, what is -10331011 - -20?
-10330441
In base 10, what is 18068 - -492?
18560
In base 12, what is -5261 + -43?
-52a4
In base 10, what is -2384 - 1457?
-3841
In base 3, what is 10101012012201011011 - 12?
10101012012201010222
In base 4, what is -211 + 12130232301?
12130232030
In base 14, what is 1b3878 - 7?
1b3871
In base 11, what is -10569018 + 5?
-10569013
In base 7, what is -223563 - -23120?
-200443
In base 16, what is -c8 + 3f83?
3ebb
In base 5, what is -14033202324 - -1?
-14033202323
In base 9, what is 427 + -54576?
-54148
In base 10, what is -5 - -127585018?
127585013
In base 8, what is 11460435 - -14?
11460451
In base 4, what is -11 + -320313002211?
-320313002222
In base 3, what is -11100 + -101021002020011?
-101021002101111
In base 11, what is -1 + 4314046?
4314045
In base 6, what is 3 - 541204011?
-541204004
In base 7, what is -311602 - 1313?
-313215
In base 4, what is 11 + 22021322223102?
22021322223113
In base 3, what is 0 - 10110010021120?
-10110010021120
In base 15, what is -bb5 - 8da1?
-9a66
In base 3, what is -112121222 + -1201?
-112200200
In base 16, what is -34e3 + 25e?
-3285
In base 8, what is 51123025 + -1?
51123024
In base 15, what is 617 + -2d41?
-2729
In base 11, what is 79 - -a02737?
a02805
In base 8, what is 1216 - 25747?
-24531
In base 8, what is 246 - 2147?
-1701
In base 7, what is 64211 + -153244?
-56033
In base 14, what is bcaa9 - 7db?
bc2ac
In base 3, what is 112 - -111111000022?
111111000211
In base 15, what is -ee + c2d1?
c1d2
In base 9, what is 3251740 - 4?
3251735
In base 10, what is -6024 + 1566?
-4458
In base 6, what is 4 + 203414043?
203414051
In base 13, what is 4 - 5886a68?
-5886a64
In base 12, what is 3 - 13b40204?
-13b40201
In base 7, what is 334546530 + 0?
334546530
In base 12, what is -41441 + -2174?
-435b5
In base 7, what is -35 - 15211403?
-15211441
In base 8, what is 40172 + -1300?
36672
In base 11, what is -18398 + -53?
-18440
In base 15, what is -2c + 1d12543?
1d12516
In base 11, what is -230628 + -90?
-230708
In base 8, what is 67225731 - -1?
67225732
In base 12, what is 1906 - -33b1?
50b7
In base 10, what is -1500 - -4801?
3301
In base 8, what is 52047774 + 1?
52047775
In base 12, what is 3 - 9a94059?
-9a94056
In base 10, what is -750 + -102510?
-103260
In base 11, what is -540a9 + -1097?
-55195
In base 3, what is 1122 - -2020200000?
2020201122
In base 14, what is 58 - 5a42b?
-5a3b3
In base 8, what is 5 + -12455734?
-12455727
In base 16, what is cd47 - 3c3?
c984
In base 8, what is -3277357 + -11?
-3277370
In base 6, what is -23255112 + -3?
-23255115
In base 11, what is 1662442 - -5?
1662447
In base 8, what is 1313320 + 265?
1313605
In base 5, what is -2034404 + 314422?
-1214432
In base 15, what is a + -1b87a6?
-1b879b
In base 6, what is 2455 + -254532?
-252033
In base 9, what is -430 + 38086?
37556
In base 2, what is 11 + -1000111011111011001011100000?
-1000111011111011001011011101
In base 15, what is -1 - 27d26663?
-27d26664
In base 3, what is -200221210102220 - -12?
-200221210102201
In base 15, what is -4 + 1670974?
1670970
In base 2, what is -100011001011010111100010000 - 101?
-100011001011010111100010101
In base 14, what is 16ad3 + 12b2?
17da5
In base 15, what is -4 + d3860b?
d38607
In base 7, what is -2 + 61016241?
61016236
In base 11, what is 1 + 24742353?
24742354
In base 2, what is -10110 + -100110100000111010010?
-100110100000111101000
In base 3, what is 102200211221 - 1011?
102200210210
In base 14, what is -4a0b157 + 0?
-4a0b157
In base 5, what is -4 - 24442144323?
-24442144332
In base 10, what is -1036200 - -274?
-1035926
In base 13, what is b4 + -294365?
-294281
In base 3, what is -10122110 - 1211110111?
-1222002221
In base 14, what is -1b51ab + -22?
-1b51cd
In base 9, what is 34683 - 2587?
32085
In base 15, what is 17 + -931e3?
-931cb
In base 9, what is -22 + -15784?
-15816
In base 15, what is -1577 + -66a?
-1be2
In base 15, what is 21c89b - -18?
21c8b4
In base 14, what is 1a27437 + -2?
1a27435
In base 7, what is -242534110 + 4?
-242534103
In base 4, what is 2131033 - 10232232?
-2101133
In base 2, what is -1001101111110001111111001 + -101?
-1001101111110001111111110
In base 6, what is 23214505 + 35?
23214544
In base 2, what is -10101001011110 + -11110000010101?
-110011001110011
In base 15, what is 2b87 - -4365?
6eec
In base 13, what is 891c083 + 11?
891c094
In base 3, what is 2201201102112100 - -22?
2201201102112122
In base 9, what is 3112018 - 5?
3112013
In base 9, what is -403443551 - 4?
-403443555
In base 10, what is -5 - 141763966?
-141763971
In base 12, what is -56a14 - 12b?
-56b43
In base 4, what is -22123320321 + -31?
-22123321012
In base 16, what is -b2 + -6dc39?
-6dceb
In base 12, what is 4 - -1737142b?
17371433
In base 5, what is 11434021 - -3442?
11443013
In base 10, what is -1639 - -979?
-660
In base 10, what is 1119842 + 12?
1119854
In base 6, what is -2321 + 30420314?
30413553
In base 4, what is 30 + -13323210?
-13323120
In base 6, what is -2412500 - 23011?
-2435511
In base 16, what is d5bcbf + 31?
d5bcf0
In base 2, what is -101 - -1100101101011110101101?
1100101101011110101000
In base 8, what is 445336522 + -3?
445336517
In base 12, what is -46641a + 5?
-466415
In base 4, what is 2131220013 - -2?
2131220021
In base 5, what is -2042 + 2401340?
2344243
In base 8, what is 1 - 5601262?
-5601261
In base 3, what is -201 - -12201201220202?
12201201220001
In base 9, what is -478140188 - 3?
-478140202
In base 14, what is 2d9095 - -2?
2d9097
In base 7, what is -421 - 52355030?
-52355451
In base 16, what is -1af179 + -2f?
-1af1a8
In base 9, what is 57 + 3201118?
3201176
In base 6, what is -22 + 134411503?
134411441
In base 6, what is -222404 + 13344?
-205020
In base 8, what is 2035503011 + -5?
2035503004
In base 3, what is 110102102121 - 20?
110102102101
In base 10, what is -42004 + 2982?
-39022
In base 5, what is -101 + 14403342231?
14403342130
In base 7, what is -1005060 - -112?
-1004645
In base 5, what is -144 + 144224003?
144223304
In base 6, what is 50511133 - 1402?
50505331
In base 10, what is -1 + -4706404?
-4706405
In base 8, what is -7271535 + -575?
-7272332
In base 7, what is 3 - 16212606?
-16212603
In base 4, what is -231213222012 + -11?
-231213222023
In base 7, what is 15 + -2252542?
-2252524
In base 2, what is -1100001111110101 + 1100100010100?
-1010101011100001
In base 7, what is 1336 + -1115533?
-1114164
In base 15, what is -2cc + -3a17b0?
-3a1a8c
In base 6, what is -5 - -5553240040?
5553240031
In base 9, what is 34 + -32787022?
-32786877
In base 3, what is 2111221200212 - 11202?
2111221112010
In base 8, what is -144404 + -751?
-145355
In base 2, what is 10011100 - 110101000111101?
-110100110100001
In base 9, what is -167440 - 3530?
-172070
In base 5, what is -1 - -10312130012?
10312130011
In base 7, what is -206226 - -1444?
-204452
In base 4, what is 2 + -21130032222?
-21130032220
In base 4, what is -22132 - 13103101?
-13131233
In base 16, what is 11671c - -2c?
116748
In base 15, what is 6ed2a + 36?
6ed61
In base 7, what is 6 + -11560632?
-11560623
In base 15, what is 789c - 1537?
6365
In base 5, what is 43 + -130001341?
-130001243
In base 10, what is 173898 + 0?
173898
In base 6, what is 221 + 2231213?
2231434
In base 3, what is -210202101 - 12100?
-210221201
In base 4, what is -11 - 2102001131?
-2102001202
In ba